es 53 divide t?
True
Suppose 5*c - 8*c - 24 = 0. Let s(h) = -4*h - 2. Let f be s(c). Let k = 51 - f. Is k a multiple of 21?
True
Suppose 2*k - 8*g + 3*g - 14 = 0, g = -3*k + 4. Let j(h) = 21*h**2 + 4*h - 2. Let y be j(1). Let a = k + y. Is a a multiple of 25?
True
Let d = -51 - -51. Suppose 0 = u - d - 19. Is u a multiple of 12?
False
Let i(j) = j**3 - 8*j**2 + 13*j - 4. Let z be i(6). Suppose -51 = -2*v - 0*u - 3*u, -6 = z*u. Is 16 a factor of v?
False
Let d = 159 - -75. Does 43 divide d?
False
Let b = 30 + -25. Suppose 0 = 2*p - 5*q - 26, -6*p + 100 = -p + b*q. Is p even?
True
Let p(a) = -a**3 + 16*a**2 - a + 16. Let n be p(16). Suppose 245 = 7*k - n*k. Is k a multiple of 7?
True
Let u(y) = 9*y**2 + 4*y - 74. Is u(6) a multiple of 36?
False
Suppose 4*c = 167*r - 164*r - 1449, 3*c + 1932 = 4*r. Does 24 divide r?
False
Suppose 0 = -2*w + 4*l + 98, 0*l = -4*w - 2*l + 236. Suppose -8*t + 11*t + 72 = 0. Let r = w + t. Does 9 divide r?
False
Suppose 2*d + 2*v - 30 = -3*v, 0 = -2*d + 4*v + 12. Let j be 2/d - (-1)/(-5). Suppose j*a = -a + 18. Is a a multiple of 14?
False
Is (0 + 2110/4)*1264/395 a multiple of 8?
True
Suppose 4*c = -4*w + 640, w + 9*c - 7*c - 158 = 0. Does 9 divide w?
True
Suppose -t + 702 = 5*t. Let s = -82 + t. Is s a multiple of 15?
False
Let p = -1 - -3. Suppose t + p = 2*t. Let m(x) = 6*x**3 + x**2. Is 12 a factor of m(t)?
False
Let v = 0 - -4. Suppose 117 = -v*o + 5*o. Suppose -3*w - 5*r = -150, -2*w - 4 = -r - o. Does 11 divide w?
True
Let m(v) = 3*v - 8 + 6*v - 2*v + 0*v + 269*v**3. Is m(1) a multiple of 14?
False
Let i(f) = f**2 - 5*f + 3. Let b be 2/((-24)/14 + 2). Is i(b) a multiple of 4?
False
Suppose 30*n = 31*n - 260. Suppose -b + 0*h + 260 = 2*h, n = b - 3*h. Does 26 divide b?
True
Suppose -2*g + 964 = 2*g. Suppose 0 = -4*c - 4*t + g - 33, 0 = -5*t. Is 26 a factor of c?
True
Let k(o) = 4*o - 10. Let b be k(6). Suppose 120 = -b*l + 17*l. Is 10 a factor of l?
True
Let q be (-1)/(3 - 0) + (-2)/3. Let s = 39 - q. Is s a multiple of 33?
False
Suppose -2*d - 10 = 2*m, -3*d - 14 = -d + 4*m. Let j be 1/(d + 32/12). Let u = j + 33. Is u a multiple of 10?
True
Let x(h) = -h**3 - 17*h + 12 + 13*h + 9*h + 7*h**2 + 7*h. Is x(7) a multiple of 12?
True
Let k = 1090 + -742. Suppose 0 = -4*a - 4*z + k, 5 = -2*z - 5. Is 23 a factor of a?
True
Suppose -2*r + 54 = 44, 0 = 4*j - 3*r - 19497. Is 14 a factor of j?
False
Suppose 15 = 3*n - 0*h - 3*h, -n - 5*h + 5 = 0. Suppose 5*v - 3*k - 466 = 0, 2*v + n*k = 4*k + 182. Does 19 divide v?
False
Let t(i) = -i + 7. Let o(d) = -d. Let v(a) = -5*o(a) + t(a). Let f be v(-5). Is 13 a factor of (1 - 5)/(1/f)?
True
Suppose -c + 4 = 2. Suppose 5*j = -5*y - 10, -5*y - c*j - 6 = -2*y. Is 14 a factor of (3/y)/(1/(-22))?
False
Is 13 a factor of (325/(-2))/(3/12*-2)?
True
Let j(l) = 5*l**2 + 2*l. Let o be j(4). Suppose 0*m - 35 = m + 2*n, -4*m + 5*n = o. Let x = -15 - m. Is x a multiple of 4?
True
Let s(i) = -9*i**3 - 2*i**2 - 2*i + 2. Let g(r) = -r**3 - 3*r**2 - 2. Let w be g(-3). Let t be s(w). Is (-730)/4*(-28)/t a multiple of 24?
False
Suppose -31 = -8*m + 9*m. Does 33 divide (-3 + 4 + m)/(4/(-22))?
True
Let l = -244 + 271. Is 11 a factor of l?
False
Let d(z) = -z**2 - z + 3. Let m be d(4). Let q be 2 - (-96)/(-21) - 12/(-21). Let g = q - m. Is g a multiple of 15?
True
Let l be 15*(-2 - 20/(-12)). Let t be 3 + (140/4)/l. Does 19 divide -120*(10/3 + t)?
False
Let f(c) = -32*c + 2. Let w be f(-4). Suppose 5*p - 205 = 2*a - 5*a, 4*a - 58 = -p. Suppose 6*h = w + p. Does 14 divide h?
True
Suppose r + 6 = 4*r, -6 = -4*z - r. Is 16 a factor of 39*z*(5/(-3) - -4)?
False
Suppose 14*b - 9*b = 35. Suppose 0 = 11*m - b*m - 144. Is 9 a factor of m?
True
Let o = -356 - -403. Does 2 divide o?
False
Suppose -199 - 37 = 2*a. Let z be a*2/(-16)*4. Suppose -v = 2*t - 4*v - z, 3*t - 126 = -3*v. Is 13 a factor of t?
False
Suppose -627 = 4*h - 2*x - 4847, -4*h - x = -4226. Is h a multiple of 11?
True
Let g(n) = 2*n + 27. Let v be g(-12). Does 10 divide (-32 + 12)/((-1)/v)?
True
Let o(h) = -26*h + 7. Suppose -5*x = -0*x + 30. Let u(w) = -9*w + 2. Let n(k) = x*o(k) + 17*u(k). Does 15 divide n(8)?
False
Let m be (-6 - 0)/(1*(-2)/1). Is (-325)/(-13) - m/(-1) a multiple of 7?
True
Suppose 3*n - 3*s + 2 - 5 = 0, 0 = -4*n + 5*s + 3. Let f be (133/21)/(n/6). Suppose 15*z = f*z - 128. Is 12 a factor of z?
False
Let a = 588 + -390. Is a a multiple of 6?
True
Let h = -1160 + 2299. Suppose 8*z - h = -9*z. Is z a multiple of 3?
False
Let s(r) = 5*r**2 - r - 4. Is 6 a factor of s(-5)?
True
Suppose h + 3*h = -8. Let w(g) = g**3 + 9*g**2 + 7*g - 2. Let z be w(-8). Let n = z - h. Is 4 a factor of n?
True
Let t be ((-54)/(-8))/(7/(-28)). Let v = 11 - t. Is v a multiple of 19?
True
Let f(z) = 2*z**2 - 10*z + 6. Let r be f(6). Let a = 23 - r. Is 2 a factor of 9 + 0/(1 - a)?
False
Let j(a) = -a**3 - 2*a**2 + 6*a - 3. Suppose -2*y = -0*y + 4. Let l = y - 2. Does 4 divide j(l)?
False
Suppose 31 - 76 = -5*g. Suppose -6*a + g*a + 15 = 0. Does 13 divide ((-1)/2)/(a/130)?
True
Suppose m = -m - 2*i + 14, 7 = 5*m - 2*i. Suppose -m*q + 2*f = -878, -3*q - 3*f + 1286 = 398. Is q a multiple of 14?
True
Suppose 11 = 4*z - 201. Does 53 divide z?
True
Let d(j) = 17*j - 21. Let o(h) = -50*h + 62. Let p(a) = -17*d(a) - 6*o(a). Is 14 a factor of p(5)?
False
Let c = 2 + 3. Let u(i) = -i**2 - 6*i - 5. Let k be u(-2). Suppose -4*p - 55 = -c*q - 5*p, -q - 3*p = k. Is q a multiple of 12?
True
Let i = -44 - -48. Suppose 0 = -4*x, 2*g - i*x - 336 = -8*x. Is g a multiple of 24?
True
Suppose 3*a - 4*r = 112, 2*r = -a + 14 + 10. Is a even?
True
Let x = 11 + -8. Suppose -3*t - 60 = -x*d, 3*d + 2*t = 54 + 21. Suppose u = -2*q - 4*u + d, -u = 3. Is 7 a factor of q?
False
Let h be (-8)/20*(-853 - -3). Suppose -5*k + h = -5*t, 0*k + 3*t - 52 = -k. Suppose 0 = l - k - 10. Is 23 a factor of l?
False
Suppose -10*z + 3 = -17. Does 2 divide z?
True
Is -6 + (-3 - -113) + 1 a multiple of 15?
True
Is 32 a factor of 2/(-11) - 6340/(-22)?
True
Let f(m) = -m - 1. Let h be f(0). Let w = 1 + h. Suppose 2*s + 1 + 1 = 0, w = -5*j - 5*s + 130. Is j a multiple of 7?
False
Let t(d) = -d**2 + 8*d. Let a(m) = m**2 + m + 7. Let h be a(0). Let x be t(h). Suppose 5*l = j + 26, 0 = 2*l - x*l + 4*j + 29. Does 4 divide l?
False
Is 4 a factor of (-2 - (-4)/3) + 42/9?
True
Let c = -172 - -353. Let r = -72 + c. Is 17 a factor of r?
False
Suppose -4*o - 6 = -5*o. Suppose 2*f + 0 - o = 0. Suppose 3*q = 3, -3*i + 2*q + 55 = f*q. Is i a multiple of 9?
True
Suppose -310*j + 311*j - 188 = 0. Does 41 divide j?
False
Let h(l) = -3*l**3 + 8*l**2 + 10*l - 5. Let a(u) = -3*u**3 + 7*u**2 + 10*u - 4. Let q(y) = 7*a(y) - 6*h(y). Is 34 a factor of q(-4)?
True
Let p(v) = 7*v - 11. Let y(s) = s - 1. Let d(k) = p(k) - 6*y(k). Let a be d(7). Does 21 divide -1 - (-34 - (a - 2))?
False
Suppose 4*f = -4*v + 17548, 0 = -13*f + 11*f + 2*v + 8782. Does 33 divide f?
True
Let i(a) = -a**3 - 25*a**2 + 88*a - 69. Does 64 divide i(-29)?
False
Let c(w) = -16*w - 7. Let u be c(5). Let d = u + 135. Suppose 0 = 3*v + v - d. Does 5 divide v?
False
Is (11/(-88)*-676)/(2/44) a multiple of 12?
False
Let f(q) = -q**3 + 12*q**2 + 29*q - 12. Let i be f(14). Suppose -x = i*b - 359, -4*b + 5*b + 3*x - 177 = 0. Does 20 divide b?
True
Suppose -5*t = -3*o + 673, -5*o = 3*t + t - 1097. Let i = -124 + o. Is 19 a factor of i?
False
Suppose 8*y = 680 + 552. Let b = -89 + y. Does 12 divide b?
False
Suppose -22 = -2*p - 2. Suppose 3*w + 19 = 6*w - 2*o, -5*o - p = 5*w. Suppose -w*r = -5*r + 18. Is r a multiple of 6?
False
Let w = 5 + -3. Suppose -4*q = 4*l - 352, 5*q + 3*l - 416 = 4*l. Suppose -h - h = r - q, w*h = -3*r + 268. Does 23 divide r?
True
Let p(h) = 74*h + 681. Is p(11) a multiple of 53?
False
Suppose -10 = 4*y - 9*y. Does 4 divide (y - -25) + (-5)/(-5)*-3?
True
Suppose 1149 = 18*q - 7545. Is q a multiple of 13?
False
Does 95 divide (-1287803)/(-847) - (-1 - 20/(-14))?
True
Suppose -8*u - 18 = -14*u. Let t be -2 + 3/3 - -89. Suppose -u*o - 13 = -i - 139, -2*i - t = -2*o. Is 11 a factor of o?
False
Let g = -282 + 199. Let h = 149 + g. Does 11 divide h?
True
Let s(t) = t**2 - 14*t + 12. Let y be s(11). Let v = 33 + y. Is 3 a factor of v?
True
Suppose 78 = 5*d - 22. Let p(v) = 1 - 5 + 4*v + 2*v. Is 21 a factor of p(d)?
False
Suppose -4*d = -2*d -